- -4?
4163
In base 14, what is 2 + 34678?
3467a
In base 8, what is 144 - 176?
-32
In base 2, what is -101110 + 101111010?
101001100
In base 5, what is -11 + -11030320?
-11030331
In base 4, what is -31223 + 120023?
22200
In base 16, what is 3beb77 + 5?
3beb7c
In base 4, what is 0 - -2230320000?
2230320000
In base 14, what is -1 + 55945?
55944
In base 16, what is e - 59b?
-58d
In base 12, what is -39 + -447?
-484
In base 7, what is -20 - 142321?
-142341
In base 15, what is -1 - -600d0?
600ce
In base 16, what is -13e9 - 38?
-1421
In base 15, what is -312 + -4e?
-361
In base 14, what is 1d49 + 28?
1d73
In base 15, what is 51 - -a185?
a1d6
In base 3, what is 200212 + -110201210?
-110000221
In base 13, what is -1b - 18c9?
-1917
In base 3, what is -210211102102 + -2?
-210211102111
In base 13, what is cc4 + 47?
103b
In base 13, what is 5 + 21cc9?
22001
In base 8, what is 15422170 - -2?
15422172
In base 2, what is -100 - -100111110001001010?
100111110001000110
In base 11, what is -13522 - 2?
-13524
In base 6, what is 24303255 + -2?
24303253
In base 9, what is -417 - 22545?
-23063
In base 12, what is -5 - 4912?
-4917
In base 7, what is -4 + 5256?
5252
In base 13, what is 2b89 - 10a?
2a7c
In base 2, what is -10 + 111010001101000?
111010001100110
In base 11, what is 32 - a32?
-a00
In base 14, what is -217 - -26?
-1d1
In base 10, what is -68 + 1699?
1631
In base 13, what is -1000a - -19?
-ccc1
In base 13, what is -10b + 2c5?
1b7
In base 4, what is -13213120 + 130?
-13212330
In base 14, what is 23 + -133c?
-1319
In base 12, what is -4 + -28ba1?
-28ba5
In base 6, what is -1125 - -22550?
21421
In base 13, what is 1111 + -3c?
10a2
In base 4, what is -1131 - -2203?
1012
In base 16, what is 584 + -11d?
467
In base 8, what is 12 - -127562?
127574
In base 14, what is -7 + 976?
96d
In base 3, what is -12 + 2001120011021?
2001120011002
In base 14, what is -d3 + -7c?
-171
In base 11, what is 44528 + 5?
44532
In base 11, what is -7 + 8324?
8318
In base 15, what is 562b4 - 4?
562b0
In base 15, what is b96e + -8?
b966
In base 3, what is 2 + -1010221122220?
-1010221122211
In base 9, what is 1417 + 8858?
11376
In base 7, what is -6 - -6366?
6360
In base 15, what is 3d4d - 40?
3d0d
In base 13, what is 252a - 294?
2266
In base 9, what is 0 - -7060?
7060
In base 11, what is 12 + 1532?
1544
In base 11, what is -7451 + -10?
-7461
In base 11, what is -31536 + 10?
-31526
In base 12, what is 1657 + -14?
1643
In base 14, what is -3a - c3?
-11d
In base 15, what is -112 + 2b8?
1a6
In base 11, what is -10 - -3a975?
3a965
In base 2, what is -10011000 + -1111010?
-100010010
In base 6, what is -245 - -135?
-110
In base 4, what is 11 + -23231303?
-23231232
In base 6, what is 10 - -2255122?
2255132
In base 8, what is 1 - -333540?
333541
In base 13, what is 24c7 + -53?
2474
In base 15, what is -4 + 76b?
767
In base 8, what is -346256 - -22?
-346234
In base 7, what is 13145 - 3?
13142
In base 4, what is 23103 - 10131?
12312
In base 4, what is -30 + 1001301?
1001211
In base 3, what is 12 + 10100221112?
10100221201
In base 14, what is 7b - -35?
b2
In base 3, what is -101210010221 + -10?
-101210011001
In base 15, what is 3 - a26c0?
-a26bc
In base 2, what is 100 - -110101001111001?
110101001111101
In base 12, what is 3 + 7154?
7157
In base 5, what is -1102233423 + -4?
-1102233432
In base 16, what is -5292e + -1?
-5292f
In base 8, what is -5 - 76021?
-76026
In base 13, what is 1c972 + -24?
1c94b
In base 13, what is 0 - 650b9?
-650b9
In base 16, what is -eb - -77?
-74
In base 10, what is -4 + 17810?
17806
In base 14, what is -48a5b7 - -2?
-48a5b5
In base 13, what is -10c5 - -62?
-1063
In base 4, what is 20 - -1021300?
1021320
In base 3, what is 111012101 + -12?
111012012
In base 4, what is -1 - -1131322?
1131321
In base 13, what is -408 - 495?
-8a0
In base 13, what is -5 - -12a?
125
In base 9, what is -1737487 + -4?
-1737502
In base 9, what is -14474483 - 3?
-14474486
In base 2, what is 110010110011111 - -101?
110010110100100
In base 9, what is 17 - 212177?
-212160
In base 11, what is -a + 5528?
5519
In base 7, what is 201215 + 3?
201221
In base 5, what is -32012 - -4310?
-22202
In base 7, what is 2 + 254566?
254601
In base 8, what is -725 + 465?
-240
In base 14, what is 4 - 1bb90?
-1bb8a
In base 3, what is -2202112 + -22?
-2202211
In base 7, what is -10613304 - 0?
-10613304
In base 3, what is 201200000 + 1001?
201201001
In base 3, what is -11222 - -1110122001?
1110110002
In base 12, what is -292 - -574a?
5478
In base 13, what is -2b1b8 - -4?
-2b1b4
In base 12, what is 16b - 1850?
-16a1
In base 7, what is 5024 + 66?
5123
In base 7, what is 542462 + 1?
542463
In base 15, what is -8 - -ad?
a5
In base 2, what is 11 - 110001000011101001?
-110001000011100110
In base 12, what is 14 - -133b?
1353
In base 12, what is 93748 - -2?
9374a
In base 10, what is -5 - 36836?
-36841
In base 15, what is 2 - -1585?
1587
In base 11, what is 62611 + 3?
62614
In base 14, what is 17 + a01?
a18
In base 2, what is -11 - -11101010010110110101?
11101010010110110010
In base 16, what is -25d - 87?
-2e4
In base 16, what is -1 + 32cd7?
32cd6
In base 11, what is -158a + -4?
-1593
In base 14, what is 1d93 - -11?
1da4
In base 4, what is 10 - 1201201?
-1201131
In base 8, what is 7045 - 160?
6665
In base 5, what is 1120134 - -10?
1120144
In base 3, what is 111210210210 + 12?
111210210222
In base 6, what is 20 + 142110?
142130
In base 12, what is -9ab - 8?
-9b7
In base 14, what is 84515b - -4?
845161
In base 3, what is -1101100212 + -1?
-1101100220
In base 4, what is 1133102230 - -22?
1133102312
In base 9, what is 8622 - 18?
8603
In base 16, what is -bb + -3f8?
-4b3
In base 5, what is -42 - -20111?
20014
In base 12, what is -5aa - -a5?
-505
In base 8, what is 16 + -2404?
-2366
In base 12, what is -176 - -1b5a?
19a4
In base 12, what is -4a28 + 11?
-4a17
In base 14, what is 3b64 - -5?
3b69
In base 6, what is 2501 + -11301?
-4400
In base 3, what is 1021221 + 101?
1022022
In base 8, what is 25 - 47541?
-47514
In base 8, what is 122 + 11217?
11341
In base 4, what is 1030 + -1023?
1
In base 6, what is -42 + -504034?
-504120
In base 11, what is -5989 - 30?
-5a09
In base 2, what is 10010011001 + -1011011111?
110111010
In base 11, what is -11 - -2146?
2135
In base 6, what is 102205 - -21?
102230
In base 7, what is -4 + 212210?
212203
In base 13, what is -38 - -8b?
53
In base 7, what is 10 + -204513?
-204503
In base 2, what is -101101110 - 11101?
-110001011
In base 3, what is 21112 + -121012122?
-120221010
In base 10, what is 138 + 5016?
5154
In base 16, what is 80f21 - -3?
80f24
In base 8, what is 4116 - 72?
4024
In base 5, what is -4 - 222004?
-222013
In base 10, what is 417 - 10?
407
In base 7, what is -2 - -306012?
306010
In base 6, what is 11121 + -11040?
41
In base 5, what is 2223 - 32112?
-24334
In base 9, what is -28550 - 131?
-28681
In base 2, what is 110 + -111011000000100100?
-111011000000011110
In base 9, what is -6082 + -30?
-6122
In base 5, what is 10300234 - 1?
10300233
In base 12, what is -1705 - 3?
-1708
In base 14, what is -35114 - 1?
-35115
In base 14, what is 3 + -4087?
-4084
In base 16, what is -cfe - -48?
-cb6
In base 9, what is -102368 - -5?
-102363
In base 3, what is 10112221 - -21?
10120012
In base 12, what is -b + 3a9?
39a
In base 16, what is 1ecb - -7?
1ed2
In base 11, what is -188 + 321?
144
In base 7, what is -121255 - 5?
-121263
In base 2, what is 100 - -100100010001100101?
100100010001101001
In base 6, what is -5 - -32135005?
32135000
In base 16, what is -2680 + 34?
-264c
In base 11, what is 9a1 + -171?
830
In base 9, what is -221607 - 1?
-221608
In base 16, what is 1 - -734e?
734f
In base 2, what is -101110000001010011 - -100?
-101110000001001111
In base 11, what is -8011 - -91?
-7a30
In base 4, what is 3 - -1033221333?
1033222002
In base 8, what is -257 - -176?
-61
In base 5, what is -43224 + 3?
-43221
In base 13, what is -8 + 17ac?
17a4
In base 3, what is -12 + 1011022101210?
1011022101121
In base 11, what is -151 + -1aa?
-350
In base 15, what is -1 - 58870?
-58871
In base 11, what is -2a7 - -2?
-2a5
In base 3, what is -22120202210 + -202?
-22120210112
In base 9, what is -17165 + -6?
-17172
In base 2, what is -101 + 111000111010100001010?
111000111010100000101
In base 13, what is -12 - -16ba7?
16b95
In ba